{"id":2,"date":"2021-07-13T13:23:29","date_gmt":"2021-07-13T16:23:29","guid":{"rendered":"http:\/\/naturezaemagia.com.br\/?page_id=2"},"modified":"2025-06-24T11:54:26","modified_gmt":"2025-06-24T14:54:26","slug":"hospedagem","status":"publish","type":"page","link":"https:\/\/naturezaemagia.com.br\/index.php\/hospedagem\/","title":{"rendered":"Hospedagem"},"content":{"rendered":"\n\n\n<h2><p style=\"text-align: center;\"><span style=\"font-size: 22px; background-color: transparent; color: black\">CASA DO BOSQUE<o:p><\/o:p><\/span><\/p><\/h2>\n\n\n\n\n\n\n<p style=\"text-align: center;\"><span style=\"font-size: 18px; background-color: transparent; color: black\">Acomoda at\u00e9 06 pessoas, tem duas su\u00edtes,com banheiros\nconfort\u00e1veis, sala, cozinha, \u00e1rea de servi\u00e7o e varanda com vista para o jardim\ne o bosque.<o:p><\/o:p><\/span><\/p>\n<br>\n<p style=\"text-align: center;\"><span style=\"font-size: 18px; background-color: transparent; color: black\">Oferece:<o:p><\/o:p><\/span><\/p><p style=\"text-align: center;\"><span style=\"font-size: 18px; background-color: transparent; color: black\">-Quartos com cama de casal king size, tv ,ventiladores,\narm\u00e1rios;<o:p><\/o:p><\/span><\/p><p style=\"text-align: center;\"><span style=\"font-size: 18px; background-color: transparent; color: black\">-Roupa de cama e banho;<o:p><\/o:p><\/span><\/p><p style=\"text-align: center;\"><span style=\"font-size: 18px; background-color: transparent; color: black\">-Sala com 02 bicamas com colch\u00e3o box, 01 mesa de jantar com\n06 cadeiras;<o:p><\/o:p><\/span><\/p><p style=\"text-align: center;\"><span style=\"font-size: 18px; background-color: transparent; color: black\">-Cozinha com utens\u00edlios, 01 geladeira, 01 fog\u00e3o a g\u00e1s com forno,  &nbsp;sanduicheira, cafeteira e liquidificador;<o:p><\/o:p><\/span><p style=\"text-align: center;\"><span style=\"font-size: 18px; background-color: transparent; color: black\">-Garagem;<o:p><\/o:p><\/span><\/p><p style=\"text-align: center;\"><span style=\"font-size: 18px; background-color: transparent; color: black\">-Internet WiFi;<o:p><\/o:p><\/span><\/p><p style=\"text-align: center;\"><span style=\"font-size: 18px; background-color: transparent; color: black\">-Churrasqueira.<o:p><\/o:p><\/span><\/p>\n\n\n\n\n<p style = \"text-align:center\"><a href=\"http:\/\/airbnb.com\/h\/casa-inteira-sete-lagoas\" target=\"_blank\" rel=\"noopener\"><img decoding=\"async\" src=\"https:\/\/img.icons8.com\/color\/45\/000000\/airbnb.png\"\/><\/a><\/p>\n\n\n\n\n\n<h2><p style=\"text-align: center;\"><span style=\"font-size: 22px; background-color: transparent; color: black\">CHAL\u00c9 DA MATA<o:p><\/o:p><\/span><\/p><\/h2>\n\n\n<p style=\"text-align: center;\"><span style=\"font-size: 18px; background-color: transparent; color: black\"><font style=\"vertical-align: inherit;\"><font style=\"vertical-align: inherit;\">Acomoda 02 pessoas, tem uma su\u00edte com um pequeno closet, fica pr\u00f3ximo \u00e0 mata nativa, com decora\u00e7\u00e3o charmosa e rom\u00e2ntica.<\/font><\/font><o:p><\/o:p><\/span><\/p><p style=\"text-align: center;\"><span style=\"font-size: 18px; background-color: transparent; color: black\">\n<br><font style=\"vertical-align: inherit;\"><font style=\"vertical-align: inherit;\">\nOferece:<\/font><\/font><o:p><\/o:p><\/span><\/p><p style=\"text-align: center;\"><span style=\"font-size: 18px; background-color: transparent; color: black\"><font style=\"vertical-align: inherit;\"><font style=\"vertical-align: inherit;\">-Quarto com 01 cama de casal king size, 01 cama de solteiro e um colch\u00e3o extra, TV, ventilador de teto, cabides para roupas;<\/font><\/font><o:p><\/o:p><\/span><\/p><p style=\"text-align: center;\"><span style=\"font-size: 18px; background-color: transparent; color: black\"><font style=\"vertical-align: inherit;\"><font style=\"vertical-align: inherit;\">-Roupa de cama e banho;<\/font><\/font><o:p><\/o:p><\/span><\/p><p style=\"text-align: center;\"><\/p><p style=\"text-align: center;\"><span style=\"font-size: 18px; background-color: transparent; color: black\"><font style=\"vertical-align: inherit;\"><font style=\"vertical-align: inherit;\">-Cozinha com utens\u00edlios, 02 frigobares, 02 fog\u00f5es el\u00e9tricos de indu\u00e7\u00e3o, sanduicheira, caldo, forno el\u00e9trico e liquidificador;<\/font><\/font><o:p><\/o:p><\/span><\/p><p style=\"text-align: center;\"><span style=\"font-size: 18px; background-color: transparent; color: black\"><font style=\"vertical-align: inherit;\"><font style=\"vertical-align: inherit;\">-Garagem;<\/font><\/font><o:p><\/o:p><\/span><\/p><p style=\"text-align: center;\"><span style=\"font-size: 18px; background-color: transparent; color: black\"><font style=\"vertical-align: inherit;\"><font style=\"vertical-align: inherit;\">-Internet WiFi;<\/font><\/font><o:p><\/o:p><\/span><\/p>\n<p style=\"text-align: center;\"><span style=\"font-size: 18px; background-color: transparent; color: black\"><font style=\"vertical-align: inherit;\"><font style=\"vertical-align: inherit;\">-Churrasqueira.<\/font><\/font><o:p><\/o:p><\/span><\/p>\n\n\n\n\n<p style = \"text-align:center\"><a href=\"http:\/\/airbnb.com\/h\/casa-inteira-sete-lagoas\" target=\"_blank\" rel=\"noopener\"><img decoding=\"async\" src=\"https:\/\/img.icons8.com\/color\/45\/000000\/airbnb.png\"\/><\/a><\/p>\n\n\n\n\n\n\n\n\n\n<h2><p style=\"text-align: center;\"><span style=\"font-size: 22px; background-color: transparent; color: black\">SAUNA<o:p><\/o:p><\/span><\/p><\/h2>\n\n\n\n\n\n\n\n","protected":false},"excerpt":{"rendered":"","protected":false},"author":1,"featured_media":436,"parent":0,"menu_order":0,"comment_status":"closed","ping_status":"closed","template":"","meta":{"om_disable_all_campaigns":false,"pagelayer_contact_templates":[],"_pagelayer_content":"","_monsterinsights_skip_tracking":false,"_monsterinsights_sitenote_active":false,"_monsterinsights_sitenote_note":"","_monsterinsights_sitenote_category":0,"footnotes":""},"class_list":["post-2","page","type-page","status-publish","has-post-thumbnail","hentry"],"_links":{"self":[{"href":"https:\/\/naturezaemagia.com.br\/index.php\/wp-json\/wp\/v2\/pages\/2","targetHints":{"allow":["GET"]}}],"collection":[{"href":"https:\/\/naturezaemagia.com.br\/index.php\/wp-json\/wp\/v2\/pages"}],"about":[{"href":"https:\/\/naturezaemagia.com.br\/index.php\/wp-json\/wp\/v2\/types\/page"}],"author":[{"embeddable":true,"href":"https:\/\/naturezaemagia.com.br\/index.php\/wp-json\/wp\/v2\/users\/1"}],"replies":[{"embeddable":true,"href":"https:\/\/naturezaemagia.com.br\/index.php\/wp-json\/wp\/v2\/comments?post=2"}],"version-history":[{"count":62,"href":"https:\/\/naturezaemagia.com.br\/index.php\/wp-json\/wp\/v2\/pages\/2\/revisions"}],"predecessor-version":[{"id":468,"href":"https:\/\/naturezaemagia.com.br\/index.php\/wp-json\/wp\/v2\/pages\/2\/revisions\/468"}],"wp:featuredmedia":[{"embeddable":true,"href":"https:\/\/naturezaemagia.com.br\/index.php\/wp-json\/wp\/v2\/media\/436"}],"wp:attachment":[{"href":"https:\/\/naturezaemagia.com.br\/index.php\/wp-json\/wp\/v2\/media?parent=2"}],"curies":[{"name":"wp","href":"https:\/\/api.w.org\/{rel}","templated":true}]}}